{"id":270,"date":"2022-06-10T12:23:36","date_gmt":"2022-06-10T12:23:36","guid":{"rendered":"http:\/\/espaciokuatro.eu\/?page_id=270"},"modified":"2022-06-10T12:23:36","modified_gmt":"2022-06-10T12:23:36","slug":"teatro-adventium","status":"publish","type":"page","link":"https:\/\/espaciokuatro.eu\/index.php\/teatro-adventium\/","title":{"rendered":"Teatro Adventium"},"content":{"rendered":"\n<h2 class=\"wp-block-heading\"><mark style=\"background-color:rgba(0, 0, 0, 0)\" class=\"has-inline-color has-vivid-cyan-blue-color\">Espacio de creaci\u00f3n, reflexi\u00f3n y comunicaci\u00f3n en el entorno rural: artes esc\u00e9nicas, audiovisuales, textualidades, acci\u00f3n y pensamiento<\/mark><\/h2>\n\n\n\n<p>Espacio Kuatro mantiene un v\u00ednculo de hermanamiento con el Teatro Adventium, situado en la peque\u00f1a localidad de Aveinte, provincia de \u00c1vila. Si quieres saber lo que pasa en Adventium, ver sus instalaciones y la localizaci\u00f3n visita su web.<\/p>\n\n\n\n<div class=\"wp-block-buttons is-content-justification-center is-layout-flex wp-container-core-buttons-is-layout-16018d1d wp-block-buttons-is-layout-flex\">\n<div class=\"wp-block-button\"><a class=\"wp-block-button__link\" href=\"https:\/\/adventium.es\/\">visita la web del Teatro Adventium<\/a><\/div>\n<\/div>\n","protected":false},"excerpt":{"rendered":"<p>Espacio de creaci\u00f3n, reflexi\u00f3n y comunicaci\u00f3n en el entorno rural: artes esc\u00e9nicas, audiovisuales, textualidades, acci\u00f3n y pensamiento Espacio Kuatro mantiene un v\u00ednculo de hermanamiento con el Teatro Adventium, situado en la peque\u00f1a localidad de Aveinte, provincia de \u00c1vila. Si quieres saber lo que pasa en Adventium, ver sus instalaciones y la localizaci\u00f3n visita su web.<\/p>\n","protected":false},"author":1,"featured_media":0,"parent":0,"menu_order":0,"comment_status":"closed","ping_status":"closed","template":"","meta":{"om_disable_all_campaigns":false,"_monsterinsights_skip_tracking":false,"_monsterinsights_sitenote_active":false,"_monsterinsights_sitenote_note":"","_monsterinsights_sitenote_category":0,"_joinchat":[],"footnotes":""},"class_list":["post-270","page","type-page","status-publish","hentry"],"aioseo_notices":[],"_links":{"self":[{"href":"https:\/\/espaciokuatro.eu\/index.php\/wp-json\/wp\/v2\/pages\/270","targetHints":{"allow":["GET"]}}],"collection":[{"href":"https:\/\/espaciokuatro.eu\/index.php\/wp-json\/wp\/v2\/pages"}],"about":[{"href":"https:\/\/espaciokuatro.eu\/index.php\/wp-json\/wp\/v2\/types\/page"}],"author":[{"embeddable":true,"href":"https:\/\/espaciokuatro.eu\/index.php\/wp-json\/wp\/v2\/users\/1"}],"replies":[{"embeddable":true,"href":"https:\/\/espaciokuatro.eu\/index.php\/wp-json\/wp\/v2\/comments?post=270"}],"version-history":[{"count":2,"href":"https:\/\/espaciokuatro.eu\/index.php\/wp-json\/wp\/v2\/pages\/270\/revisions"}],"predecessor-version":[{"id":272,"href":"https:\/\/espaciokuatro.eu\/index.php\/wp-json\/wp\/v2\/pages\/270\/revisions\/272"}],"wp:attachment":[{"href":"https:\/\/espaciokuatro.eu\/index.php\/wp-json\/wp\/v2\/media?parent=270"}],"curies":[{"name":"wp","href":"https:\/\/api.w.org\/{rel}","templated":true}]}}